t common factor of w and 135.
45
Suppose 4 + 8 = 3*y. Let p(x) be the second derivative of 5*x**4/12 - 3*x**2/2 - 68*x - 3. Let u be p(y). Calculate the highest common divisor of u and 11.
11
Let i = 205 + -70. Let s be (2 + -1)/(27/i). Calculate the highest common factor of 10 and s.
5
Let a = -70 + 57. Let g = 16 + a. Suppose -3*p - 5*z + 88 = 0, 2*z + 41 = g*p - 12. What is the highest common divisor of p and 84?
21
Let y(j) = 38 + 0*j - 28*j - 63. Let t be y(-7). Let x(u) = 4*u**2 + 15*u - 27. Let r be x(2). What is the highest common factor of r and t?
19
Let d(g) = -2*g + 3. Let u be d(-6). Let i be -20*(-2 - (-24)/u). Let t = -18188 - -18200. What is the highest common divisor of t and i?
4
Suppose -29*h + 3152 + 120 = -1165. Suppose 12 = -3*y + 39. What is the greatest common factor of h and y?
9
Suppose -83*s + 66 - 4 = -104. Let l be (2/4)/((-1)/(-2)). Calculate the highest common divisor of l and s.
1
Let k = 1255 + -1252. Let l = 26 + -9. Suppose k*y + l = 125. What is the greatest common factor of y and 24?
12
Let n = -2 - -37. Let o = 120 - 111. Suppose 3*y - o = 33. What is the highest common factor of n and y?
7
Suppose 0 = 4*b + 4, -3*f + 4*b = -124836 + 37856. Calculate the greatest common divisor of 8 and f.
8
Let d(l) = 8 + 3 + 0*l + 3*l**2 + 9*l. Let t be d(8). Suppose -k = 4*k - t. Calculate the greatest common divisor of k and 11.
11
Let b = -57 + 7. Let v = 54 + b. Suppose -3*k + 12 = p, k + 0*k - 70 = -v*p. Calculate the highest common factor of 27 and p.
9
Suppose -15*x = -25*x + 970. Let j = -92 + x. Calculate the greatest common factor of 135 and j.
5
Let w(q) = 4*q**2 - 101*q - 304. Let y be w(-3). What is the highest common divisor of y and 55?
5
Let k be (-147)/(-14)*(-240)/(-14). Suppose 2*t + 45 = 3*n, 7*n = 6*n - 2*t + 15. What is the highest common factor of k and n?
15
Let x(f) = f**2 + 2*f + 2. Let u be x(-5). Suppose u*k = 3*k + 112. Let m be 6/k + (-161)/(-4). What is the highest common factor of 41 and m?
41
Let u(f) = -f**2 - 179*f - 6866. Let i be u(-123). Calculate the highest common factor of 4 and i.
2
Let t(m) = 187*m**3 + 5*m**2 - 3*m - 5. Let w be t(2). What is the greatest common divisor of w and 105?
35
Suppose 1218 = -9*o - 483. Let p be (2/(-3))/(42/o). Suppose 7 = -i - p*f + 107, 5*i - 4*f - 595 = 0. What is the highest common factor of i and 46?
23
Let z be 2 + 55/5 - 5. Suppose 4*u - 68 = -z. Let d be 5/u*3/2*10. Calculate the highest common divisor of 10 and d.
5
Let c = -402 - -834. Suppose 2*k - 5*u = 91, -u = -5*k + 141 + 98. Calculate the highest common factor of c and k.
48
Suppose -3*d + 5*k - 22 = 0, d - k - 1 = -5. Let l be d*1/(4/60). What is the greatest common factor of l and 9?
3
Let i(t) = 149*t - 74. Let a be i(8). Let s(m) = 22*m**2 + 12*m + 22. Let n be s(-2). What is the highest common divisor of a and n?
86
Let g(y) = y**3 + 20*y**2 + 14*y + 36. Let o be g(-18). Let k(d) = -d**2 - 24*d - 15. Let q be k(-21). What is the greatest common factor of q and o?
48
Let w be 40/4 - 4 - (-4)/(-2). Suppose -6 + w = -t. Let a be t*-8*(-140)/80. What is the highest common factor of 168 and a?
28
Let p be -84*((-8)/3 + (-28)/(-12)). Let n(o) = -2*o + 0*o + 23*o. Let z be n(2). Calculate the highest common factor of z and p.
14
Suppose -710 - 290 = -12*z - 5*n, 3*z - n = 259. What is the highest common factor of z and 697?
17
Suppose -1 + 3 = q. Let f = 1 + 4. Suppose -3*h + 141 = -f*o, -5*h + q*o + 198 = 6*o. What is the highest common divisor of h and 28?
14
Let r be 0 + (-5 - -5) - -6. Let k be 194 + (-3 - 1)/(r + -7). Let o = 22 - 4. Calculate the highest common factor of k and o.
18
Let d(m) = -m**3 + 6*m**2 + 8*m - 4. Let y be d(7). Let z be 1/(y/69 + 0). What is the greatest common divisor of z and 23?
23
Let z(l) = -87*l - 3. Let o be z(-4). Let j be 2/3*o/2. Let y = -42 + 65. What is the greatest common factor of y and j?
23
Let g(l) = 88 - 12 - 2*l + 32 + 14 + 6. Let u be g(24). What is the highest common divisor of 120 and u?
40
Let r be (-37)/3 - (-32)/96. Let n(l) = l**3 + 13*l**2 + 16*l + 70. Let h be n(r). Let x = 16 + 72. Calculate the greatest common factor of x and h.
22
Suppose -1000 = -3*b + a, -3*b + 5*a = 7*a - 1015. What is the highest common factor of b and 2479?
67
Let f be -3*(-6)/3 - 2. Let w(n) be the first derivative of 2*n**3/3 + 3*n**2/2 - 10*n - 5. Let u be w(-6). What is the greatest common factor of u and f?
4
Suppose 4*r - 95 + 7 = 3*i, i - 5*r + 11 = 0. Let j be (i/21)/((-3)/14). Calculate the greatest common divisor of j and 24.
8
Let p be (1 + 12/(-16))*20. Suppose 2*d - 101 = 23*f - 26*f, 3*d - 153 = -p*f. Calculate the highest common divisor of 69 and d.
23
Suppose 4*h = 16*y - 12*y + 212, 2*h - 5*y - 121 = 0. Let n = 152 + -116. Calculate the highest common divisor of h and n.
12
Let h = 216 + -166. Let r = h + -22. Calculate the greatest common factor of 98 and r.
14
Let d(p) = p**3 + 84*p**2 - 3*p - 221. Let x be d(-84). Calculate the highest common divisor of x and 5487.
31
Let m be 68/(-102) - (-152)/(-6). Let n be (-3766)/m - (-50)/325. What is the highest common factor of n and 58?
29
Let o(k) = -3*k**3 + 19*k**2 + 25*k - 14. Let w be o(-6). Calculate the highest common factor of 73 and w.
73
Let u = 1152 - 645. Suppose 3*s - w = -0*s + 10130, 0 = 3*w - 12. Suppose -11*c + s = u. What is the greatest common divisor of c and 29?
29
Let z(j) be the third derivative of j**5/15 + 7*j**4/24 + 9*j**3/2 - 296*j**2. Let m be z(-4). What is the greatest common factor of m and 441?
63
Let j(b) be the first derivative of b**4/4 + b**3/3 + 28*b + 95. Let c be j(0). Calculate the highest common divisor of 8 and c.
4
Let b be 37*(-1)/7*-9 - 1029/(-2401). What is the greatest common factor of 804 and b?
12
Let g(n) = -n**3 - 14*n**2 + 20*n + 251. Let j be g(-15). Calculate the highest common divisor of 121 and j.
11
Let q(k) = k**2 + 295*k + 3501. Let m be q(-12). Calculate the greatest common divisor of 280 and m.
35
Suppose 0 = 7*j + 166*j - 379216. Calculate the highest common divisor of 822 and j.
274
Suppose -12*c - 272 = z - 8*c, 4*z = 2*c - 1106. Let h = -231 - z. Let x be 54/21*1*7. Calculate the highest common divisor of x and h.
9
Let f = -14826 + 15033. Calculate the highest common divisor of 45 and f.
9
Suppose 77*n = 82*n - 275. Suppose -3*o + 41 = 5*v, 5*o - 6*v - n = -v. What is the highest common factor of 228 and o?
12
Suppose 5*v = 8*v - 63. Let y be (16 - (-1099)/14)/(1/2). Calculate the greatest common divisor of v and y.
21
Suppose -59 + 169 = 2*v. Let c be (-3)/(-15) - (-192)/(-10). Let s = v + c. Calculate the greatest common factor of 90 and s.
18
Let v = -1702 - -2840. Suppose -160 = -11*o + v. Let z = -43 + o. What is the highest common divisor of 25 and z?
25
Let f be (-564)/(-14) - 0 - (-2)/(-7). Let s be ((-2 - -6) + -1)*f/6. What is the greatest common divisor of 130 and s?
10
Suppose -5*s + 2659 + 941 = 0. Suppose 0*i + i = -5*o + 1800, 4*i - s = -2*o. Suppose 44*a = 50*a - o. What is the highest common divisor of a and 40?
20
Suppose 5*r = 868 + 1012. Let l = -314 + r. What is the greatest common divisor of 62 and l?
62
Let u be (-8 + 4)*13014/(-36). Calculate the greatest common factor of u and 6.
6
Let d(x) be the second derivative of x**4/4 - 11*x**3/6 - 31*x**2 - 8*x - 1. Let h be d(-5). Calculate the greatest common factor of 306 and h.
34
Suppose 2*j + o = -0*o + 9, 0 = 5*o + 5. Suppose 0 = -q + 5*q - 2*f - 194, -j*q + 5*f + 245 = 0. Calculate the greatest common divisor of q and 112.
16
Suppose -7*h = 21945 - 85505. Calculate the greatest common factor of 40 and h.
40
Let n be (12 + -5)*(-13)/((-273)/4020). Calculate the highest common factor of 402 and n.
134
Let q(r) = r**3 - 7*r**2 - 5*r - 12. Suppose -5 = -z + 13. Suppose z = 3*u + 2*p, 4*p - 4 = -16. Let g be q(u). What is the greatest common factor of g and 30?
6
Suppose 3*k - t = 29 + 79, -3*t = 0. Suppose 0 = 4*j, -5*m + 2*m = 2*j + 33. Let r = m + k. Calculate the highest common factor of r and 200.
25
Suppose -23*z - 378 = -41*z. Calculate the greatest common factor of 375 and z.
3
Suppose -4*v + 7802 - 1846 = p, 24 = -3*v. What is the greatest common divisor of 36 and p?
12
Let x be ((-126)/36)/((-1)/74). Suppose x + 97 = 4*o. Suppose -o*n + 396 = -8